{"id":3283,"date":"2025-05-07T23:41:03","date_gmt":"2025-05-07T23:41:03","guid":{"rendered":"https:\/\/codishark-lab.com\/tracklog\/?page_id=3283"},"modified":"2025-05-26T18:37:02","modified_gmt":"2025-05-26T18:37:02","slug":"app-copiloto-virtual","status":"publish","type":"page","link":"https:\/\/codishark-lab.com\/tracklog\/app-copiloto-virtual\/","title":{"rendered":"APP Copiloto Virtual"},"content":{"rendered":"\t\t<div data-elementor-type=\"wp-page\" data-elementor-id=\"3283\" class=\"elementor elementor-3283\" data-elementor-post-type=\"page\">\n\t\t\t\t\t\t<section class=\"elementor-section elementor-top-section elementor-element elementor-element-6e4372a elementor-section-stretched elementor-section-boxed elementor-section-height-default elementor-section-height-default\" data-id=\"6e4372a\" data-element_type=\"section\" data-settings=\"{&quot;background_background&quot;:&quot;classic&quot;,&quot;shape_divider_bottom&quot;:&quot;mountains&quot;,&quot;stretch_section&quot;:&quot;section-stretched&quot;,&quot;ekit_has_onepagescroll_dot&quot;:&quot;yes&quot;}\">\n\t\t\t\t\t\t\t<div class=\"elementor-background-overlay\"><\/div>\n\t\t\t\t\t\t<div class=\"elementor-shape elementor-shape-bottom\" aria-hidden=\"true\" data-negative=\"false\">\n\t\t\t<svg xmlns=\"http:\/\/www.w3.org\/2000\/svg\" viewBox=\"0 0 1000 100\" preserveAspectRatio=\"none\">\n\t<path class=\"elementor-shape-fill\" opacity=\"0.33\" d=\"M473,67.3c-203.9,88.3-263.1-34-320.3,0C66,119.1,0,59.7,0,59.7V0h1000v59.7 c0,0-62.1,26.1-94.9,29.3c-32.8,3.3-62.8-12.3-75.8-22.1C806,49.6,745.3,8.7,694.9,4.7S492.4,59,473,67.3z\"\/>\n\t<path class=\"elementor-shape-fill\" opacity=\"0.66\" d=\"M734,67.3c-45.5,0-77.2-23.2-129.1-39.1c-28.6-8.7-150.3-10.1-254,39.1 s-91.7-34.4-149.2,0C115.7,118.3,0,39.8,0,39.8V0h1000v36.5c0,0-28.2-18.5-92.1-18.5C810.2,18.1,775.7,67.3,734,67.3z\"\/>\n\t<path class=\"elementor-shape-fill\" d=\"M766.1,28.9c-200-57.5-266,65.5-395.1,19.5C242,1.8,242,5.4,184.8,20.6C128,35.8,132.3,44.9,89.9,52.5C28.6,63.7,0,0,0,0 h1000c0,0-9.9,40.9-83.6,48.1S829.6,47,766.1,28.9z\"\/>\n<\/svg>\t\t<\/div>\n\t\t\t\t\t<div class=\"elementor-container elementor-column-gap-default\">\n\t\t\t\t\t<div class=\"elementor-column elementor-col-100 elementor-top-column elementor-element elementor-element-e3f8a77\" data-id=\"e3f8a77\" data-element_type=\"column\">\n\t\t\t<div class=\"elementor-widget-wrap\">\n\t\t\t\t\t\t\t<\/div>\n\t\t<\/div>\n\t\t\t\t\t<\/div>\n\t\t<\/section>\n\t\t\t\t<section class=\"elementor-section elementor-top-section elementor-element elementor-element-259bf48 elementor-section-stretched elementor-section-boxed elementor-section-height-default elementor-section-height-default\" data-id=\"259bf48\" data-element_type=\"section\" data-settings=\"{&quot;background_background&quot;:&quot;classic&quot;,&quot;stretch_section&quot;:&quot;section-stretched&quot;,&quot;ekit_has_onepagescroll_dot&quot;:&quot;yes&quot;}\">\n\t\t\t\t\t\t<div class=\"elementor-container elementor-column-gap-default\">\n\t\t\t\t\t<div class=\"elementor-column elementor-col-100 elementor-top-column elementor-element elementor-element-69ccaed elementor-invisible\" data-id=\"69ccaed\" data-element_type=\"column\" data-settings=\"{&quot;animation&quot;:&quot;fadeInLeft&quot;}\">\n\t\t\t<div class=\"elementor-widget-wrap elementor-element-populated\">\n\t\t\t\t\t\t<section class=\"elementor-section elementor-inner-section elementor-element elementor-element-17f2d87 elementor-section-boxed elementor-section-height-default elementor-section-height-default\" data-id=\"17f2d87\" data-element_type=\"section\" data-settings=\"{&quot;ekit_has_onepagescroll_dot&quot;:&quot;yes&quot;}\">\n\t\t\t\t\t\t<div class=\"elementor-container elementor-column-gap-default\">\n\t\t\t\t\t<div class=\"elementor-column elementor-col-100 elementor-inner-column elementor-element elementor-element-5d418f2\" data-id=\"5d418f2\" data-element_type=\"column\">\n\t\t\t<div class=\"elementor-widget-wrap elementor-element-populated\">\n\t\t\t\t\t\t<div class=\"elementor-element elementor-element-8c89f20 elementor-invisible elementor-widget elementor-widget-heading\" data-id=\"8c89f20\" data-element_type=\"widget\" data-settings=\"{&quot;_animation&quot;:&quot;fadeInDown&quot;,&quot;ekit_we_effect_on&quot;:&quot;none&quot;}\" data-widget_type=\"heading.default\">\n\t\t\t\t<div class=\"elementor-widget-container\">\n\t\t\t\t\t<h1 class=\"elementor-heading-title elementor-size-xxl\"><span style=\"font-size:24px;font-weight:300\">APP<\/span><br> Copiloto Virtual\n<\/h1>\t\t\t\t<\/div>\n\t\t\t\t<\/div>\n\t\t\t\t<div class=\"elementor-element elementor-element-79194dfc elementor-widget elementor-widget-text-editor\" data-id=\"79194dfc\" data-element_type=\"widget\" data-settings=\"{&quot;ekit_we_effect_on&quot;:&quot;none&quot;}\" data-widget_type=\"text-editor.default\">\n\t\t\t\t<div class=\"elementor-widget-container\">\n\t\t\t\t\t\t\t\t\t<p><b>Copiloto Virtual<\/b> es una innovadora aplicaci\u00f3n dise\u00f1ada para garantizar la seguridad y eficiencia en el transporte de mercanc\u00edas. Este APP act\u00faa como un asistente inteligente para los conductores, alert\u00e1ndolos de los <b>puntos cr\u00edticos de su ruta<\/b> y <b>l\u00edmites de velocidad establecidos<\/b>, ayud\u00e1ndolos a cumplir con los est\u00e1ndares m\u00e1s rigurosos de seguridad vial.<\/p><p>La aplicaci\u00f3n se fundamenta en un meticuloso trabajo cartogr\u00e1fico, que incluye el levantamiento de hojas de ruta detalladas y la integraci\u00f3n de l\u00edmites de velocidad segura definidos por los mandantes o generadores de carga. Esto asegura que los conductores dispongan de informaci\u00f3n precisa y personalizada para cada tramo de su recorrido.<\/p><p>Una de sus caracter\u00edsticas m\u00e1s destacadas es la generaci\u00f3n de <b>alertas tempranas<\/b> mediante <b>mensajes de voz basados en Inteligencia Artificial (IA)<\/b>. Por ejemplo, el Copiloto Virtual puede avisar al conductor: <i>\u00abA 200 metros, ingreso al centro poblado Maras, el l\u00edmite de velocidad es de 30 km\/h, disminuya la velocidad\u00bb<\/i>. Este nivel de anticipaci\u00f3n contribuye a prevenir accidentes y optimizar la toma de decisiones en tiempo real.<\/p><p><b>Copiloto Virtual<\/b> no solo es una herramienta de navegaci\u00f3n, sino un aliado confiable que ayuda a las empresas de transporte a elevar sus est\u00e1ndares de seguridad operativa y a proteger tanto a los conductores como a los bienes transportados.<\/p>\t\t\t\t\t\t\t\t<\/div>\n\t\t\t\t<\/div>\n\t\t\t\t\t<\/div>\n\t\t<\/div>\n\t\t\t\t\t<\/div>\n\t\t<\/section>\n\t\t\t\t\t<\/div>\n\t\t<\/div>\n\t\t\t\t\t<\/div>\n\t\t<\/section>\n\t\t\t\t<section class=\"elementor-section elementor-top-section elementor-element elementor-element-e4ac86b elementor-section-stretched elementor-section-boxed elementor-section-height-default elementor-section-height-default\" data-id=\"e4ac86b\" data-element_type=\"section\" data-settings=\"{&quot;stretch_section&quot;:&quot;section-stretched&quot;,&quot;shape_divider_bottom&quot;:&quot;tilt&quot;,&quot;ekit_has_onepagescroll_dot&quot;:&quot;yes&quot;}\">\n\t\t\t\t\t<div class=\"elementor-shape elementor-shape-bottom\" aria-hidden=\"true\" data-negative=\"false\">\n\t\t\t<svg xmlns=\"http:\/\/www.w3.org\/2000\/svg\" viewBox=\"0 0 1000 100\" preserveAspectRatio=\"none\">\n\t<path class=\"elementor-shape-fill\" d=\"M0,6V0h1000v100L0,6z\"\/>\n<\/svg>\t\t<\/div>\n\t\t\t\t\t<div class=\"elementor-container elementor-column-gap-default\">\n\t\t\t\t\t<div class=\"elementor-column elementor-col-50 elementor-top-column elementor-element elementor-element-73b1aa5\" data-id=\"73b1aa5\" data-element_type=\"column\">\n\t\t\t<div class=\"elementor-widget-wrap elementor-element-populated\">\n\t\t\t\t\t\t<div class=\"elementor-element elementor-element-3e594a0 elementor-widget elementor-widget-heading\" data-id=\"3e594a0\" data-element_type=\"widget\" data-settings=\"{&quot;ekit_we_effect_on&quot;:&quot;none&quot;}\" data-widget_type=\"heading.default\">\n\t\t\t\t<div class=\"elementor-widget-container\">\n\t\t\t\t\t<h2 class=\"elementor-heading-title elementor-size-default\">\u00bfComo te ayuda?<\/h2>\t\t\t\t<\/div>\n\t\t\t\t<\/div>\n\t\t\t\t<div class=\"elementor-element elementor-element-fd4ab50 elementor-widget elementor-widget-text-editor\" data-id=\"fd4ab50\" data-element_type=\"widget\" data-settings=\"{&quot;ekit_we_effect_on&quot;:&quot;none&quot;}\" data-widget_type=\"text-editor.default\">\n\t\t\t\t<div class=\"elementor-widget-container\">\n\t\t\t\t\t\t\t\t\t<p>El Copiloto Virtual es ideal para rutas largas y frecuentes, las mismas que cuentan con sinuosidad. El App Copiloto te ayuda con alertas de voz tempranas con el fin de que el conductor afronte los diversos desaf\u00edos a una velocidad controlada con el objeto de evitar el riesgo constante de accidentes en carretera.<\/p><p>Nuestra nueva versi\u00f3n del App Copiloto Virtual cuenta con la posibilidad de tener conectividad a manera de servicio, con lo cual se har\u00e1 posible el env\u00edo de videos educativos o para sensibilizar al personal de conducci\u00f3n, asi tambien con un cuestionario que el conductor deber\u00e1 responder para verificar que se encuentre sobrio o bien descansado.<\/p>\t\t\t\t\t\t\t\t<\/div>\n\t\t\t\t<\/div>\n\t\t\t\t\t<\/div>\n\t\t<\/div>\n\t\t\t\t<div class=\"elementor-column elementor-col-50 elementor-top-column elementor-element elementor-element-a24bce0\" data-id=\"a24bce0\" data-element_type=\"column\">\n\t\t\t<div class=\"elementor-widget-wrap elementor-element-populated\">\n\t\t\t\t\t\t<div class=\"elementor-element elementor-element-84dc563 elementor-widget elementor-widget-image\" data-id=\"84dc563\" data-element_type=\"widget\" data-settings=\"{&quot;ekit_we_effect_on&quot;:&quot;none&quot;}\" data-widget_type=\"image.default\">\n\t\t\t\t<div class=\"elementor-widget-container\">\n\t\t\t\t\t\t\t\t\t\t\t\t\t\t\t<img fetchpriority=\"high\" decoding=\"async\" width=\"1024\" height=\"574\" src=\"https:\/\/codishark-lab.com\/tracklog\/wp-content\/uploads\/2025\/05\/imagen8-1024x574.jpg\" class=\"attachment-large size-large wp-image-3311\" alt=\"\" srcset=\"https:\/\/codishark-lab.com\/tracklog\/wp-content\/uploads\/2025\/05\/imagen8-1024x574.jpg 1024w, https:\/\/codishark-lab.com\/tracklog\/wp-content\/uploads\/2025\/05\/imagen8-300x168.jpg 300w, https:\/\/codishark-lab.com\/tracklog\/wp-content\/uploads\/2025\/05\/imagen8-768x430.jpg 768w, https:\/\/codishark-lab.com\/tracklog\/wp-content\/uploads\/2025\/05\/imagen8-1536x861.jpg 1536w, https:\/\/codishark-lab.com\/tracklog\/wp-content\/uploads\/2025\/05\/imagen8-150x85.jpg 150w, https:\/\/codishark-lab.com\/tracklog\/wp-content\/uploads\/2025\/05\/imagen8-600x336.jpg 600w, https:\/\/codishark-lab.com\/tracklog\/wp-content\/uploads\/2025\/05\/imagen8.jpg 1918w\" sizes=\"(max-width: 1024px) 100vw, 1024px\" \/>\t\t\t\t\t\t\t\t\t\t\t\t\t\t\t<\/div>\n\t\t\t\t<\/div>\n\t\t\t\t\t<\/div>\n\t\t<\/div>\n\t\t\t\t\t<\/div>\n\t\t<\/section>\n\t\t\t\t<section class=\"elementor-section elementor-top-section elementor-element elementor-element-d9cfcba elementor-section-stretched elementor-section-boxed elementor-section-height-default elementor-section-height-default\" data-id=\"d9cfcba\" data-element_type=\"section\" data-settings=\"{&quot;stretch_section&quot;:&quot;section-stretched&quot;,&quot;background_background&quot;:&quot;classic&quot;,&quot;ekit_has_onepagescroll_dot&quot;:&quot;yes&quot;}\">\n\t\t\t\t\t\t<div class=\"elementor-container elementor-column-gap-default\">\n\t\t\t\t\t<div class=\"elementor-column elementor-col-50 elementor-top-column elementor-element elementor-element-f37153c\" data-id=\"f37153c\" data-element_type=\"column\">\n\t\t\t<div class=\"elementor-widget-wrap elementor-element-populated\">\n\t\t\t\t\t\t<div class=\"elementor-element elementor-element-4fffbdd elementor-widget__width-initial elementor-widget elementor-widget-image\" data-id=\"4fffbdd\" data-element_type=\"widget\" data-settings=\"{&quot;ekit_we_effect_on&quot;:&quot;none&quot;}\" data-widget_type=\"image.default\">\n\t\t\t\t<div class=\"elementor-widget-container\">\n\t\t\t\t\t\t\t\t\t\t\t\t\t\t\t<img decoding=\"async\" width=\"1024\" height=\"575\" src=\"https:\/\/codishark-lab.com\/tracklog\/wp-content\/uploads\/2025\/05\/imagen9-1024x575.jpg\" class=\"attachment-large size-large wp-image-3312\" alt=\"\" srcset=\"https:\/\/codishark-lab.com\/tracklog\/wp-content\/uploads\/2025\/05\/imagen9-1024x575.jpg 1024w, https:\/\/codishark-lab.com\/tracklog\/wp-content\/uploads\/2025\/05\/imagen9-300x168.jpg 300w, https:\/\/codishark-lab.com\/tracklog\/wp-content\/uploads\/2025\/05\/imagen9-768x431.jpg 768w, https:\/\/codishark-lab.com\/tracklog\/wp-content\/uploads\/2025\/05\/imagen9-1536x863.jpg 1536w, https:\/\/codishark-lab.com\/tracklog\/wp-content\/uploads\/2025\/05\/imagen9-150x85.jpg 150w, https:\/\/codishark-lab.com\/tracklog\/wp-content\/uploads\/2025\/05\/imagen9-600x337.jpg 600w, https:\/\/codishark-lab.com\/tracklog\/wp-content\/uploads\/2025\/05\/imagen9.jpg 1916w\" sizes=\"(max-width: 1024px) 100vw, 1024px\" \/>\t\t\t\t\t\t\t\t\t\t\t\t\t\t\t<\/div>\n\t\t\t\t<\/div>\n\t\t\t\t<div class=\"elementor-element elementor-element-7328551 elementor-widget__width-initial elementor-widget elementor-widget-image\" data-id=\"7328551\" data-element_type=\"widget\" data-settings=\"{&quot;ekit_we_effect_on&quot;:&quot;none&quot;}\" data-widget_type=\"image.default\">\n\t\t\t\t<div class=\"elementor-widget-container\">\n\t\t\t\t\t\t\t\t\t\t\t\t\t\t\t<img decoding=\"async\" width=\"1024\" height=\"574\" src=\"https:\/\/codishark-lab.com\/tracklog\/wp-content\/uploads\/2025\/05\/imagen10-1024x574.jpg\" class=\"attachment-large size-large wp-image-3314\" alt=\"\" srcset=\"https:\/\/codishark-lab.com\/tracklog\/wp-content\/uploads\/2025\/05\/imagen10-1024x574.jpg 1024w, https:\/\/codishark-lab.com\/tracklog\/wp-content\/uploads\/2025\/05\/imagen10-300x168.jpg 300w, https:\/\/codishark-lab.com\/tracklog\/wp-content\/uploads\/2025\/05\/imagen10-768x431.jpg 768w, https:\/\/codishark-lab.com\/tracklog\/wp-content\/uploads\/2025\/05\/imagen10-1536x862.jpg 1536w, https:\/\/codishark-lab.com\/tracklog\/wp-content\/uploads\/2025\/05\/imagen10-150x85.jpg 150w, https:\/\/codishark-lab.com\/tracklog\/wp-content\/uploads\/2025\/05\/imagen10-600x337.jpg 600w, https:\/\/codishark-lab.com\/tracklog\/wp-content\/uploads\/2025\/05\/imagen10.jpg 1913w\" sizes=\"(max-width: 1024px) 100vw, 1024px\" \/>\t\t\t\t\t\t\t\t\t\t\t\t\t\t\t<\/div>\n\t\t\t\t<\/div>\n\t\t\t\t\t<\/div>\n\t\t<\/div>\n\t\t\t\t<div class=\"elementor-column elementor-col-50 elementor-top-column elementor-element elementor-element-211865b\" data-id=\"211865b\" data-element_type=\"column\">\n\t\t\t<div class=\"elementor-widget-wrap elementor-element-populated\">\n\t\t\t\t\t\t<div class=\"elementor-element elementor-element-36ff7f9 elementor-widget elementor-widget-heading\" data-id=\"36ff7f9\" data-element_type=\"widget\" data-settings=\"{&quot;ekit_we_effect_on&quot;:&quot;none&quot;}\" data-widget_type=\"heading.default\">\n\t\t\t\t<div class=\"elementor-widget-container\">\n\t\t\t\t\t<h2 class=\"elementor-heading-title elementor-size-default\">Que se requiere para que <br>\nfuncione?<\/h2>\t\t\t\t<\/div>\n\t\t\t\t<\/div>\n\t\t\t\t<div class=\"elementor-element elementor-element-aa1cca5 elementor-widget elementor-widget-text-editor\" data-id=\"aa1cca5\" data-element_type=\"widget\" data-settings=\"{&quot;ekit_we_effect_on&quot;:&quot;none&quot;}\" data-widget_type=\"text-editor.default\">\n\t\t\t\t<div class=\"elementor-widget-container\">\n\t\t\t\t\t\t\t\t\t<p>Para operar, el APP Copiloto Virtual, requiere de la instalaci\u00f3n de hojas de ruta, las cuales deber\u00e1n ser preparadas con anticipaci\u00f3n de acuerdo con la evaluaci\u00f3n de la ruta desarrollada por el cliente o mandante del cliente, asimismo deber\u00e1 contener los l\u00edmites de velocidad y las coordenadas de los puntos cr\u00edticos a fin de que nuestro cart\u00f3grafo pueda preparar las geocercas dentro de la plataforma Webtrack GPS, para luego migrarlas al App Copiloto Virtual.<\/p><p>Otro requisito indispensable es el Hardware, este puede operar sobre una Tablet adaptada con cargador de bater\u00eda conectado a la cigarrera del veh\u00edculo y un rack fabricado en maestranza o profesionalmente sobre una MDT ideal para aplicaciones m\u00f3viles.<\/p><p>Asimismo, el cliente deber\u00e1 pagar las licencias correspondientes de manera recurrente en planes mensuales, semestrales o anuales con el cual se activa la aplicaci\u00f3n en el dispositivo del cliente.<\/p>\t\t\t\t\t\t\t\t<\/div>\n\t\t\t\t<\/div>\n\t\t\t\t\t<\/div>\n\t\t<\/div>\n\t\t\t\t\t<\/div>\n\t\t<\/section>\n\t\t\t\t<section class=\"elementor-section elementor-top-section elementor-element elementor-element-f38440f elementor-section-stretched elementor-section-boxed elementor-section-height-default elementor-section-height-default\" data-id=\"f38440f\" data-element_type=\"section\" data-settings=\"{&quot;stretch_section&quot;:&quot;section-stretched&quot;,&quot;shape_divider_top&quot;:&quot;tilt&quot;,&quot;ekit_has_onepagescroll_dot&quot;:&quot;yes&quot;}\">\n\t\t\t\t\t<div class=\"elementor-shape elementor-shape-top\" aria-hidden=\"true\" data-negative=\"false\">\n\t\t\t<svg xmlns=\"http:\/\/www.w3.org\/2000\/svg\" viewBox=\"0 0 1000 100\" preserveAspectRatio=\"none\">\n\t<path class=\"elementor-shape-fill\" d=\"M0,6V0h1000v100L0,6z\"\/>\n<\/svg>\t\t<\/div>\n\t\t\t\t\t<div class=\"elementor-container elementor-column-gap-default\">\n\t\t\t\t\t<div class=\"elementor-column elementor-col-100 elementor-top-column elementor-element elementor-element-8a1f752\" data-id=\"8a1f752\" data-element_type=\"column\">\n\t\t\t<div class=\"elementor-widget-wrap elementor-element-populated\">\n\t\t\t\t\t\t<section class=\"elementor-section elementor-inner-section elementor-element elementor-element-a7502c5 elementor-section-boxed elementor-section-height-default elementor-section-height-default\" data-id=\"a7502c5\" data-element_type=\"section\" data-settings=\"{&quot;ekit_has_onepagescroll_dot&quot;:&quot;yes&quot;}\">\n\t\t\t\t\t\t<div class=\"elementor-container elementor-column-gap-default\">\n\t\t\t\t\t<div class=\"elementor-column elementor-col-50 elementor-inner-column elementor-element elementor-element-87a0726\" data-id=\"87a0726\" data-element_type=\"column\">\n\t\t\t<div class=\"elementor-widget-wrap elementor-element-populated\">\n\t\t\t\t\t\t<div class=\"elementor-element elementor-element-88cdf4d elementor-widget elementor-widget-heading\" data-id=\"88cdf4d\" data-element_type=\"widget\" data-settings=\"{&quot;ekit_we_effect_on&quot;:&quot;none&quot;}\" data-widget_type=\"heading.default\">\n\t\t\t\t<div class=\"elementor-widget-container\">\n\t\t\t\t\t<h2 class=\"elementor-heading-title elementor-size-default\">Que tecnolog\u00eda<br>\nutilizamos?<\/h2>\t\t\t\t<\/div>\n\t\t\t\t<\/div>\n\t\t\t\t<div class=\"elementor-element elementor-element-f2e918a elementor-widget elementor-widget-text-editor\" data-id=\"f2e918a\" data-element_type=\"widget\" data-settings=\"{&quot;ekit_we_effect_on&quot;:&quot;none&quot;}\" data-widget_type=\"text-editor.default\">\n\t\t\t\t<div class=\"elementor-widget-container\">\n\t\t\t\t\t\t\t\t\t<p>La tecnolog\u00eda usada por el App Copiloto Virtual es la del geoposicionamiento GPS, la cual provee de la geolocalizaci\u00f3n y velocidad por donde se desplaza el veh\u00edculo y se muestra en la pantalla del dispositivo elegido a fin de compararla con la establecida en la hoja de ruta precargada.<\/p><p>Las constelaciones de sat\u00e9lites usadas son GPS, Galileo, Beidou y Glonnas, las cuales proveen de geolocalizaci\u00f3n para dispositivos terrestres que cuentan con un modem apropiado para este fin.<\/p>\t\t\t\t\t\t\t\t<\/div>\n\t\t\t\t<\/div>\n\t\t\t\t\t<\/div>\n\t\t<\/div>\n\t\t\t\t<div class=\"elementor-column elementor-col-50 elementor-inner-column elementor-element elementor-element-684829d\" data-id=\"684829d\" data-element_type=\"column\">\n\t\t\t<div class=\"elementor-widget-wrap elementor-element-populated\">\n\t\t\t\t\t\t<div class=\"elementor-element elementor-element-e4683ee elementor-widget elementor-widget-image\" data-id=\"e4683ee\" data-element_type=\"widget\" data-settings=\"{&quot;ekit_we_effect_on&quot;:&quot;none&quot;}\" data-widget_type=\"image.default\">\n\t\t\t\t<div class=\"elementor-widget-container\">\n\t\t\t\t\t\t\t\t\t\t\t\t\t\t\t<img loading=\"lazy\" decoding=\"async\" width=\"1024\" height=\"576\" src=\"https:\/\/codishark-lab.com\/tracklog\/wp-content\/uploads\/2025\/05\/imagen11-1024x576.jpg\" class=\"attachment-large size-large wp-image-3315\" alt=\"\" srcset=\"https:\/\/codishark-lab.com\/tracklog\/wp-content\/uploads\/2025\/05\/imagen11-1024x576.jpg 1024w, https:\/\/codishark-lab.com\/tracklog\/wp-content\/uploads\/2025\/05\/imagen11-300x169.jpg 300w, https:\/\/codishark-lab.com\/tracklog\/wp-content\/uploads\/2025\/05\/imagen11-768x432.jpg 768w, https:\/\/codishark-lab.com\/tracklog\/wp-content\/uploads\/2025\/05\/imagen11-1536x864.jpg 1536w, https:\/\/codishark-lab.com\/tracklog\/wp-content\/uploads\/2025\/05\/imagen11-150x85.jpg 150w, https:\/\/codishark-lab.com\/tracklog\/wp-content\/uploads\/2025\/05\/imagen11-600x337.jpg 600w, https:\/\/codishark-lab.com\/tracklog\/wp-content\/uploads\/2025\/05\/imagen11.jpg 1917w\" sizes=\"(max-width: 1024px) 100vw, 1024px\" \/>\t\t\t\t\t\t\t\t\t\t\t\t\t\t\t<\/div>\n\t\t\t\t<\/div>\n\t\t\t\t\t<\/div>\n\t\t<\/div>\n\t\t\t\t\t<\/div>\n\t\t<\/section>\n\t\t\t\t\t<\/div>\n\t\t<\/div>\n\t\t\t\t\t<\/div>\n\t\t<\/section>\n\t\t\t\t<section class=\"elementor-section elementor-top-section elementor-element elementor-element-cc62afd elementor-section-boxed elementor-section-height-default elementor-section-height-default\" data-id=\"cc62afd\" data-element_type=\"section\" data-settings=\"{&quot;ekit_has_onepagescroll_dot&quot;:&quot;yes&quot;}\">\n\t\t\t\t\t\t<div class=\"elementor-container elementor-column-gap-default\">\n\t\t\t\t\t<div class=\"elementor-column elementor-col-100 elementor-top-column elementor-element elementor-element-d7c6231\" data-id=\"d7c6231\" data-element_type=\"column\">\n\t\t\t<div class=\"elementor-widget-wrap elementor-element-populated\">\n\t\t\t\t\t\t<div class=\"elementor-element elementor-element-a6ac777 elementor-align-center elementor-widget elementor-widget-button\" data-id=\"a6ac777\" data-element_type=\"widget\" data-settings=\"{&quot;ekit_we_effect_on&quot;:&quot;none&quot;}\" data-widget_type=\"button.default\">\n\t\t\t\t<div class=\"elementor-widget-container\">\n\t\t\t\t\t\t\t\t\t<div class=\"elementor-button-wrapper\">\n\t\t\t\t\t<a class=\"elementor-button elementor-button-link elementor-size-sm\" href=\"https:\/\/api.whatsapp.com\/send\/?phone=51940315582&#038;text=Hola,%20estoy%20interesado%20el%20en%20el%20servicio%20de%20APP%20Copiloto%20Virtual\">\n\t\t\t\t\t\t<span class=\"elementor-button-content-wrapper\">\n\t\t\t\t\t\t<span class=\"elementor-button-icon\">\n\t\t\t\t<i aria-hidden=\"true\" class=\"fab fa-whatsapp\"><\/i>\t\t\t<\/span>\n\t\t\t\t\t\t\t\t\t<span class=\"elementor-button-text\">Solicitar servicio<\/span>\n\t\t\t\t\t<\/span>\n\t\t\t\t\t<\/a>\n\t\t\t\t<\/div>\n\t\t\t\t\t\t\t\t<\/div>\n\t\t\t\t<\/div>\n\t\t\t\t<div class=\"elementor-element elementor-element-56a95a4 elementor-align-center elementor-widget elementor-widget-button\" data-id=\"56a95a4\" data-element_type=\"widget\" data-settings=\"{&quot;ekit_we_effect_on&quot;:&quot;none&quot;}\" data-widget_type=\"button.default\">\n\t\t\t\t<div class=\"elementor-widget-container\">\n\t\t\t\t\t\t\t\t\t<div class=\"elementor-button-wrapper\">\n\t\t\t\t\t<a class=\"elementor-button elementor-button-link elementor-size-sm\" href=\"https:\/\/codishark-lab.com\/tracklog\/soluciones\/\">\n\t\t\t\t\t\t<span class=\"elementor-button-content-wrapper\">\n\t\t\t\t\t\t<span class=\"elementor-button-icon\">\n\t\t\t\t<i aria-hidden=\"true\" class=\"icon icon-left-arrow\"><\/i>\t\t\t<\/span>\n\t\t\t\t\t\t\t\t\t<span class=\"elementor-button-text\">Ver m\u00e1s servicios<\/span>\n\t\t\t\t\t<\/span>\n\t\t\t\t\t<\/a>\n\t\t\t\t<\/div>\n\t\t\t\t\t\t\t\t<\/div>\n\t\t\t\t<\/div>\n\t\t\t\t\t<\/div>\n\t\t<\/div>\n\t\t\t\t\t<\/div>\n\t\t<\/section>\n\t\t\t\t<\/div>\n\t\t","protected":false},"excerpt":{"rendered":"<p>APP Copiloto Virtual Copiloto Virtual es una innovadora aplicaci\u00f3n dise\u00f1ada para garantizar la seguridad y eficiencia en el transporte de mercanc\u00edas. Este APP act\u00faa como un asistente inteligente para los conductores, alert\u00e1ndolos de los puntos cr\u00edticos de su ruta y l\u00edmites de velocidad establecidos, ayud\u00e1ndolos a cumplir con los est\u00e1ndares m\u00e1s rigurosos de seguridad vial. [&hellip;]<\/p>\n","protected":false},"author":1,"featured_media":0,"parent":0,"menu_order":0,"comment_status":"closed","ping_status":"closed","template":"","meta":{"footnotes":""},"class_list":["post-3283","page","type-page","status-publish","hentry"],"_links":{"self":[{"href":"https:\/\/codishark-lab.com\/tracklog\/wp-json\/wp\/v2\/pages\/3283","targetHints":{"allow":["GET"]}}],"collection":[{"href":"https:\/\/codishark-lab.com\/tracklog\/wp-json\/wp\/v2\/pages"}],"about":[{"href":"https:\/\/codishark-lab.com\/tracklog\/wp-json\/wp\/v2\/types\/page"}],"author":[{"embeddable":true,"href":"https:\/\/codishark-lab.com\/tracklog\/wp-json\/wp\/v2\/users\/1"}],"replies":[{"embeddable":true,"href":"https:\/\/codishark-lab.com\/tracklog\/wp-json\/wp\/v2\/comments?post=3283"}],"version-history":[{"count":10,"href":"https:\/\/codishark-lab.com\/tracklog\/wp-json\/wp\/v2\/pages\/3283\/revisions"}],"predecessor-version":[{"id":3536,"href":"https:\/\/codishark-lab.com\/tracklog\/wp-json\/wp\/v2\/pages\/3283\/revisions\/3536"}],"wp:attachment":[{"href":"https:\/\/codishark-lab.com\/tracklog\/wp-json\/wp\/v2\/media?parent=3283"}],"curies":[{"name":"wp","href":"https:\/\/api.w.org\/{rel}","templated":true}]}}