{"id":70,"date":"2024-09-26T06:32:31","date_gmt":"2024-09-26T06:32:31","guid":{"rendered":"https:\/\/codishark-lab.com\/legand\/?page_id=70"},"modified":"2025-02-07T13:58:31","modified_gmt":"2025-02-07T13:58:31","slug":"recursos-humanos","status":"publish","type":"page","link":"https:\/\/codishark-lab.com\/legand\/recursos-humanos\/","title":{"rendered":"Recursos Humanos"},"content":{"rendered":"\t\t<div data-elementor-type=\"wp-page\" data-elementor-id=\"70\" class=\"elementor elementor-70\" data-elementor-post-type=\"page\">\n\t\t\t\t\t\t<section class=\"elementor-section elementor-top-section elementor-element elementor-element-68cd3b2 elementor-section-boxed elementor-section-height-default elementor-section-height-default\" data-id=\"68cd3b2\" data-element_type=\"section\">\n\t\t\t\t\t\t<div class=\"elementor-container elementor-column-gap-default\">\n\t\t\t\t\t<div class=\"elementor-column elementor-col-50 elementor-top-column elementor-element elementor-element-313c150\" data-id=\"313c150\" data-element_type=\"column\">\n\t\t\t<div class=\"elementor-widget-wrap elementor-element-populated\">\n\t\t\t\t\t\t<div class=\"elementor-element elementor-element-22861e6 elementor-widget elementor-widget-heading\" data-id=\"22861e6\" data-element_type=\"widget\" data-widget_type=\"heading.default\">\n\t\t\t\t<div class=\"elementor-widget-container\">\n\t\t\t<h2 class=\"elementor-heading-title elementor-size-default\">Recursos Humanos<\/h2>\t\t<\/div>\n\t\t\t\t<\/div>\n\t\t\t\t<div class=\"elementor-element elementor-element-eb0e31f elementor-widget elementor-widget-text-editor\" data-id=\"eb0e31f\" data-element_type=\"widget\" data-widget_type=\"text-editor.default\">\n\t\t\t\t<div class=\"elementor-widget-container\">\n\t\t\t\t\t\t\t<p>Damos soporte en la contrataci\u00f3n y manejo del personal. Realizamos el an\u00e1lisis y diagn\u00f3stico de la situaci\u00f3n actual del \u00e1rea de Recursos Humanos con la finalidad de cumplir con los est\u00e1ndares corporativos propios de nuestros clientes, as\u00ed como los aspectos legales requeridos.<\/p><p>Nuestros servicios abarcan la elaboraci\u00f3n de planes estrat\u00e9gicos, conducci\u00f3n de procesos completos de reclutamiento y contrataci\u00f3n de personal, elaboraci\u00f3n de pol\u00edticas internas y manuales laborales, asistencia en los procesos de manejo de planillas y pagos de remuneraciones, entre otros.<\/p>\t\t\t\t\t\t<\/div>\n\t\t\t\t<\/div>\n\t\t\t\t\t<\/div>\n\t\t<\/div>\n\t\t\t\t<div class=\"elementor-column elementor-col-50 elementor-top-column elementor-element elementor-element-9221d25\" data-id=\"9221d25\" data-element_type=\"column\">\n\t\t\t<div class=\"elementor-widget-wrap elementor-element-populated\">\n\t\t\t\t\t\t<div class=\"elementor-element elementor-element-b429c4b elementor-widget elementor-widget-image\" data-id=\"b429c4b\" data-element_type=\"widget\" data-widget_type=\"image.default\">\n\t\t\t\t<div class=\"elementor-widget-container\">\n\t\t\t\t\t\t\t\t\t\t\t\t\t<img fetchpriority=\"high\" decoding=\"async\" width=\"568\" height=\"640\" src=\"https:\/\/codishark-lab.com\/legand\/wp-content\/uploads\/2024\/12\/human-resources-management2.jpg\" class=\"attachment-large size-large wp-image-218\" alt=\"\" srcset=\"https:\/\/codishark-lab.com\/legand\/wp-content\/uploads\/2024\/12\/human-resources-management2.jpg 568w, https:\/\/codishark-lab.com\/legand\/wp-content\/uploads\/2024\/12\/human-resources-management2-266x300.jpg 266w\" sizes=\"(max-width: 568px) 100vw, 568px\" \/>\t\t\t\t\t\t\t\t\t\t\t\t\t<\/div>\n\t\t\t\t<\/div>\n\t\t\t\t\t<\/div>\n\t\t<\/div>\n\t\t\t\t\t<\/div>\n\t\t<\/section>\n\t\t\t\t<\/div>\n\t\t","protected":false},"excerpt":{"rendered":"<p>Recursos Humanos Damos soporte en la contrataci\u00f3n y manejo del personal. Realizamos el an\u00e1lisis y diagn\u00f3stico de la situaci\u00f3n actual del \u00e1rea de Recursos Humanos con la finalidad de cumplir&hellip;<\/p>\n","protected":false},"author":1,"featured_media":0,"parent":0,"menu_order":0,"comment_status":"closed","ping_status":"closed","template":"elementor_header_footer","meta":{"footnotes":""},"class_list":["post-70","page","type-page","status-publish","hentry"],"_links":{"self":[{"href":"https:\/\/codishark-lab.com\/legand\/wp-json\/wp\/v2\/pages\/70"}],"collection":[{"href":"https:\/\/codishark-lab.com\/legand\/wp-json\/wp\/v2\/pages"}],"about":[{"href":"https:\/\/codishark-lab.com\/legand\/wp-json\/wp\/v2\/types\/page"}],"author":[{"embeddable":true,"href":"https:\/\/codishark-lab.com\/legand\/wp-json\/wp\/v2\/users\/1"}],"replies":[{"embeddable":true,"href":"https:\/\/codishark-lab.com\/legand\/wp-json\/wp\/v2\/comments?post=70"}],"version-history":[{"count":20,"href":"https:\/\/codishark-lab.com\/legand\/wp-json\/wp\/v2\/pages\/70\/revisions"}],"predecessor-version":[{"id":333,"href":"https:\/\/codishark-lab.com\/legand\/wp-json\/wp\/v2\/pages\/70\/revisions\/333"}],"wp:attachment":[{"href":"https:\/\/codishark-lab.com\/legand\/wp-json\/wp\/v2\/media?parent=70"}],"curies":[{"name":"wp","href":"https:\/\/api.w.org\/{rel}","templated":true}]}}